0 - ((4 - t) + -1556)) + 2 a composite number?
True
Let i(q) = -44*q - 38. Let v = 78 + -76. Let h be 9/18*(-24 + v). Is i(h) prime?
False
Suppose 40 = 5*n + 5*m, -2*n - m - 16 = -7*n. Suppose -5*l + 105 = 4*q, 0 = -0*l - 3*l + n*q + 63. Suppose 1434 = 3*w - l. Is w a composite number?
True
Let p(g) = g**3 - 12*g**2 + 21*g + 3. Let k be p(10). Let h = k - 13. Suppose h*b - 3*b + 201 = 0. Is b a composite number?
False
Let d = -71 - -76. Suppose 4*a = 2*p - 0*p + 228, -d*a = 3*p - 307. Let o = 528 + a. Is o prime?
True
Suppose 2*t - 18*u + 21*u = 2658814, -3*u - 2658838 = -2*t. Is t composite?
True
Let n be (-16)/(-10)*(-105)/42 - -25. Suppose -i + 3*t - 18 - 58 = 0, 2*t + 272 = -3*i. Let y = n - i. Is y composite?
False
Let m(v) = 10*v + 373. Let p be m(-37). Suppose 5*y = 3*y + 10. Suppose -3*t = p, 4*i + y*t = -i + 3450. Is i composite?
False
Let s(x) = 279*x**3 - x**2 + x. Suppose -5*g = 0, 4*p + 8*g - 3*g = 4. Let u be s(p). Suppose 4*v = -b - u + 2363, -4*b = -4*v + 2084. Is v composite?
False
Let u = -3801 - -1417. Let h be (-5*8/80)/(2/u). Let p = h - 159. Is p a composite number?
True
Suppose 4399 = 55*y - 46*y + 74*y. Is y a composite number?
False
Let a be 9*-1*35/105. Is 662/a*(8 + -11) prime?
False
Let s be (-1 - -2)*2*1. Suppose 0 = -33*y + 7395 + 4353. Suppose -y = -o - 3*t + 1196, -5*o = s*t - 7825. Is o composite?
False
Let t(j) = 547*j + 19. Let i be t(13). Suppose 14*s - i = 45972. Is s composite?
False
Let j(d) = d**3 + 6*d**2 + 5*d - 5. Let z be j(-4). Suppose -5*q = 5*u - 1240, 5*u - z = 8. Suppose 0 = 3*i, 0 = -2*c - 2*i + q + 497. Is c a prime number?
False
Suppose 136072 + 199512 = 32*m. Is m a prime number?
True
Suppose 357*h - 353*h + 5*y = 6696428, -3*h + 5022321 = 4*y. Is h a prime number?
True
Suppose -3*n + j + 628288 = 0, -4*n + 837734 = 7*j - 5*j. Is n composite?
False
Let i(h) = 9*h**3 + 2*h**2 - 16*h + 11. Let o(x) = x**3 - x**2 - x + 1. Let j(v) = -i(v) + 6*o(v). Is j(-10) a composite number?
True
Let r(b) be the first derivative of 53*b**2/2 + 13*b - 2. Let x be 11 - ((-60)/90 + 17/3). Is r(x) prime?
True
Let j = 1603 + -829. Suppose 6*l = 5*l + j. Let y = 881 + l. Is y prime?
False
Suppose 0 = -5*p + 451 - 2916. Let h = 2421 + p. Suppose 0 = -4*y - a - 3*a + h, 4*y - 5*a - 1901 = 0. Is y a composite number?
False
Let r(p) = -6*p - 60. Let c be r(-28). Let k = 113 - c. Suppose 0 = 6*w - k*w - 3049. Is w a prime number?
True
Let n(a) = 97*a**2 - 497*a - 761. Is n(69) a composite number?
False
Let d = -20846 - -4335. Let s = -2010 - d. Is s a composite number?
True
Let d = 9832 + 138373. Is d composite?
True
Suppose -2*z = 2*l - 7*l - 18, -4*z = -l - 18. Suppose 6 + 7 = 4*f - 3*q, f + 2*q = 6. Suppose 0 = -z*a + 4, 0 = 8*k - f*k - 4*a - 528. Is k a composite number?
True
Suppose 3*m = 3*n + 8*m + 29, -21 = 2*n + 5*m. Is (-2)/(n - 21036/(-2630)) composite?
True
Let o be (-1)/(7/(-7329)*3). Suppose -4*z + 10687 = -o. Is z composite?
True
Let k = 36777 + -15747. Suppose -5*j = -2*a - 20995, 5*a - k = 5*j - 10*j. Is j prime?
True
Let n(q) be the third derivative of -47*q**4/24 - 23*q**3/6 - q**2 - 6*q. Is n(-12) a prime number?
True
Suppose 0 = 4*a + 16, 7*m + 5*a + 4 = 3*m. Suppose 0 = -m*y + y - 6. Is 371/(4*y/(-8)) prime?
False
Let r be (-11052)/1 + (-4)/2. Let g = -7803 - r. Is g prime?
True
Let y be (276/(-10))/((-2)/10). Suppose 19*s + 16*s = -3*s - 36*s. Suppose -2*n + 2*t - 44 = -y, -n - 3*t + 31 = s. Is n a prime number?
True
Let j be 8/6 - (124/(-6) + 5). Let d(p) = -p**3 + 16*p**2 + 18*p - 17. Let l be d(j). Suppose 4*u + l*g + 3*g = 2117, 3*g = 3*u - 1614. Is u prime?
False
Is (106173 + -30)*5*(-2)/(-30) a composite number?
False
Let k(y) = 2*y + 36. Let n be k(-17). Let l(a) = 7 - 7*a**2 - 6 - 9*a**3 - a + 3*a**n. Is l(-3) composite?
False
Let t = -14 + 27. Suppose -28 = -20*u + t*u. Is (-2 + 5625/20)/(1/u) composite?
False
Is (-1)/(10/6035298)*(-310)/186 composite?
False
Suppose 7*b + 755613 = -b + 17*b. Is b a prime number?
False
Suppose 6199*k - 6096*k - 53080123 = 0. Is k a composite number?
True
Let t be 2/2*(-31 + 34). Suppose -t*m = 2*m + j - 17732, 0 = -5*m - 4*j + 17723. Is m a composite number?
False
Let w(b) = 1607*b**2 + 42*b - 234. Is w(5) a composite number?
False
Suppose 4*r + a = 6*a + 118247, 5*a = -r + 29518. Is r prime?
False
Let k be -3542*-18*2/(-8) + 1. Is 3 - (k - 0) - -2 a prime number?
False
Suppose l - 4*l + 12 = 0. Suppose -l*j + 9 = -11. Suppose -j*k = 15, 2*w - 497 = 4*k + 301. Is w composite?
True
Suppose -3*m = -4*m + 3*j + 2, 10 = 2*m - 3*j. Let q(k) = 7*k - 25. Let l(y) = -13*y + 50. Let u(z) = 6*l(z) + 13*q(z). Is u(m) a composite number?
False
Let y be 28/(-7)*(0 - 2/4). Suppose 3*o - 2*x = 1617 + 412, y*x = -o + 663. Is o composite?
False
Suppose -31*z + 156748 = -821333. Let q = z - 20338. Is q a composite number?
False
Suppose 3*x + 2*z - 3 = -z, -3*z = -x + 5. Is (-8)/(48/(-12153))*x a composite number?
False
Suppose -11384 - 9698 = 56*l - 1426. Suppose 3*b - 2598 = -4*c - 0*c, 2*b = -c + 1732. Let j = l + b. Is j a prime number?
False
Suppose -4*l + 5*q - 2 = 0, -l - 3*q - 16 = -7. Let v be l*(-3)/(-9)*-95. Let x = -42 + v. Is x a prime number?
True
Let x(u) = u**2 - 2*u - 14. Let o be x(-5). Suppose 7*b - o = -7. Let m(j) = 18*j**3 + 1. Is m(b) a prime number?
False
Let n(z) = 103*z**2 - 61*z + 3. Let m(q) = 103*q**2 - 59*q + 1. Let t(v) = 3*m(v) - 2*n(v). Is t(-10) composite?
False
Let w(u) = u**3 + 8*u**2 - 29*u + 79. Is w(6) a composite number?
False
Let w(k) = -39*k + 17872 + 4*k**3 - 17919 - 5*k**3 - 13*k**2. Is w(-22) prime?
True
Suppose 17*s - 117*s - 36341 = -231041. Let q be ((-4)/8)/((-2)/(-4184)). Let i = s + q. Is i prime?
False
Suppose 7336*z + 12402346 = 7358*z. Is z a prime number?
True
Suppose -1001*h - 911286 = -1019*h. Is h a prime number?
True
Let p = 952 + 3668. Let a = p - -6494. Is a composite?
True
Let q be 3 - (-6 - -4) - -2813. Suppose 4*n = -2*c - c + q, -2*n + 4*c + 1398 = 0. Is n composite?
True
Let s = 13301 - 8664. Is s composite?
False
Suppose -168 = 68*c - 60*c. Is (-4)/(-14) + (-24711)/c a prime number?
False
Suppose 5*l - 4382625 = -5*k, 20*l - 19*l - 3*k = 876517. Is l a composite number?
False
Suppose 281*a - 482102584 - 696374605 = 0. Is a a composite number?
False
Let i(a) = -397*a + 22. Let t(n) = 398*n - 21. Let o(f) = -2*i(f) - 3*t(f). Is o(-3) a composite number?
True
Suppose 15*l = 18*l - 12. Suppose 0 = -l*u - x + 6*x + 16433, -4*u + 16426 = 2*x. Suppose -4*c + u = -2705. Is c a composite number?
True
Suppose -3*y - 5 = -4*b + 9*b, b + 2*y = -8. Is 45/24 - b - 32365/(-40) composite?
False
Suppose 0 = 5*r - 12*r - 11347. Let s = r + 2958. Is s composite?
True
Suppose 4*z + 3*a - 24268 = 0, -3*z + 6*z + 4*a = 18194. Suppose 5*j - z = 6325. Is j composite?
True
Let w(s) = -s**3 - 11*s**2 - s + 9. Let y be w(-11). Suppose y = -14*j + 10*j. Let o(n) = -4*n**3 + 6*n**2 - 9*n - 12. Is o(j) composite?
False
Let h = 1698752 - 1015351. Is h prime?
True
Let p(w) = 4*w + 14. Let h be p(-4). Let s be 15 - (h/2 + 3). Let o = s + 144. Is o composite?
False
Let y = -862220 - -1450449. Is y a composite number?
False
Let g = 23273 + 149090. Is g a prime number?
False
Let n(j) = 12*j**2 - 42*j + 913. Is n(-76) a composite number?
False
Let c = 129312 - 33445. Is c prime?
False
Suppose 0 = -21*t - 47105 + 940403. Is t composite?
True
Is 0 + 11958072/88 + ((-8)/44 - 0) prime?
True
Let u = 92 - 134. Is 7*(-11)/(-7)*(-1 - u) composite?
True
Let r be (306/27)/17*(-39)/2. Suppose -17 = z - 3*m, 0 = 4*z + m - 6*m + 33. Is z/r - (-61032)/104 composite?
False
Let u(c) = c**3 - c + 418. Let h be u(0). Let r be (-136)/51 + (-2)/6 + 7. Suppose r*x - h - 452 = -m, 2*x + m = 434. Is x a prime number?
False
Let y(q) = -q - 1. Let w be y(2). Let u be 1 + w*2/6. Suppose -7*j + 3477 - 824 = u. Is j composite?
False
Let u(b) be the second derivative of 58*b**4/3 - 11*b**3/6 - 3*b**2 - 7*b. Let a be u(-6). Suppose 10*x - 56722 + a = 0. Is x a composite number?
False
Let n be (1*-26099)/(-25 - -24). Let d = n - 15132. Is d prime?
False
Suppose 331271322 = -188*h + 282*h. Is h a prime number?
False
Is (780/910)/(4/3019142 + 0) composite?
True
Let j be (-3 - 18/(-4)) + 815514/(-28). Let l = j - -41047. Is l a prime number?
True
Suppose 20 = 5*p - 5*n, 56